*u - 398, -2*z - 4*u = 264. Let c = 294 + z. List the prime factors of c.
2, 5
Let n = -26 - -29. Suppose -4*s = s + 5*r - 25, -4*r + 10 = n*s. Suppose s*o = 7*o + 255. List the prime factors of o.
5, 17
Suppose 0*q + 21 = -3*q. Let c = 30639 + -27924. What are the prime factors of 2/q + c/21?
3, 43
Let b(u) = -5*u + 4*u**2 + 85 + 65*u - u**3 + 2*u**3 - 47*u**2 - 23. List the prime factors of b(42).
2, 409
Suppose 4*k + 2*w = w + 20, 0 = 5*k - 2*w - 25. Suppose 0 = k*x - 4*r - 1405, 0*r + 2*r + 845 = 3*x. What are the prime factors of x?
3, 5, 19
Let z(h) = 2*h**3 - 9*h**2 + 3*h - 2. Let p be z(4). Let y be 3 - (-2)/((3/p)/(-1)). List the prime factors of (2 - (-5)/(-3))/(y/1533).
73
Let l(o) = 22*o**2 + 3*o - 6. Suppose 96 = -9*p - 3*p. Let h = p - -11. What are the prime factors of l(h)?
3, 67
Suppose 5*y + 10 = 0, 58 = -4*a + 5*y + 16. Let o(v) = 3*v**2 + 15*v - 45. List the prime factors of o(a).
3, 89
Suppose -6*l + 316 = -764. Suppose -7*a = -a - l. Let z = 74 - a. What are the prime factors of z?
2, 11
Let b be 1/(-2)*2934/(-9). Let z = -65 + b. What are the prime factors of z?
2, 7
Suppose n = 2*n - 46. Let x be (0*2/(-4))/(-70 + 72). Suppose 8*b + n - 558 = x. List the prime factors of b.
2
Let f = -51 - -47. Let k be 1/(-2)*2 - 156/f. Suppose -k = 8*c - 10*c. List the prime factors of c.
19
Let l(j) = 48*j + 3. Let a be l(2). Suppose 100*u = a*u - 1. What are the prime factors of (5/(-8)*-20)/(u/(-12))?
2, 3, 5
Let b be -3 - (-2760)/(-6 + 11). Let t = b + -218. What are the prime factors of t?
331
Let w(n) = 3*n**2 + 47*n - 339. What are the prime factors of w(-48)?
3, 1439
Let z(i) = 35*i**3 + 24*i**2 + 2*i + 21. What are the prime factors of z(7)?
2, 7, 59
Let x = -63 - -67. Suppose f - 3*j = -6*j + 966, -x*f = 5*j - 3878. What are the prime factors of f?
2, 3
Suppose 2*q = 3*x + 6, 17*x - 14*x = 0. Suppose 959 + q = b. List the prime factors of b.
2, 13, 37
Let r(s) = 4*s**3 + 12*s**2 - 29*s + 99. What are the prime factors of r(22)?
11, 19, 229
Let t(v) be the first derivative of 2*v**3 - 7*v + 11. Let y be t(-6). Suppose 0 = 5*q - y - 36. What are the prime factors of q?
7
Suppose 0 = z + 4*i - 8*i - 8, -4*i - 20 = -4*z. Suppose z*l - 9603 = -3415. What are the prime factors of l?
7, 13, 17
Let g = 17 + -2. Let n(j) = 6*j**2 + 11*j - 2. Let i be n(-2). Suppose d - 81 - g = i. List the prime factors of d.
2, 3
Let t(b) = -2*b + 40. Suppose a - g = 4*a - 68, -4*a - 3*g + 99 = 0. Let x be t(a). What are the prime factors of (52*-1 - 0)*x?
2, 13
Suppose 24 = 3*j - 5*l, 2*j + 2*l + 3 = -l. Let i be (5/3)/(1 + (-4)/j). Let k(u) = 3*u**2 - 6*u - 5. List the prime factors of k(i).
2, 5
Suppose b + 293 = z, 4*z + 858 = -7*b + 4*b. Let l = b - -667. What are the prime factors of l?
13, 29
Suppose 282 - 66 = 3*w. Suppose 2*h + 4*x = w, 4*h + 3*x - 134 = -0*x. What are the prime factors of 93/((4/h)/(3/18))?
2, 31
Let f = 26864 + -15205. What are the prime factors of f?
89, 131
Let f be (-6)/4*(1 + (-21)/9). Suppose f*w - 3*r = -5*r + 2354, -w + 3*r + 1173 = 0. What are the prime factors of w?
2, 3, 7
Suppose -5828 = 11*x - 1098. Let j = -49 - x. List the prime factors of j.
3, 127
Suppose -10*h + 113 = -7. Suppose -5*x + 12 = h. Suppose x = w - o - 4*o - 49, -5*o = 4*w - 246. List the prime factors of w.
59
Let t(l) = 62*l + 374. Let f be t(24). Let k = f + -864. List the prime factors of k.
2, 499
Let k(q) = q**3 + 8*q**2 - 2*q - 4. Suppose 3*f - c - 9 - 11 = 0, -5*f + 20 = c. What are the prime factors of k(f)?
311
Suppose 0 = -12*r + 10*r - 28. Let c = 21 + r. Suppose c*x + 2 - 51 = 0. What are the prime factors of x?
7
Suppose 33*g - 5655 = 4*g. Let y = 743 + g. What are the prime factors of y?
2, 7, 67
Suppose -5*d - 5 + 55 = 5*l, -30 = -5*l - d. Suppose -109 = l*o - 2024. What are the prime factors of o?
383
Suppose -t + 3*b = -671 - 450, 0 = 5*t - 4*b - 5583. Suppose -t = 3*a - 4151. What are the prime factors of a?
2, 11, 23
Suppose -2154381 = -168*h + 1261059. What are the prime factors of h?
2, 5, 19, 107
Suppose 2*b = 19*b + 19*b - 1918584. List the prime factors of b.
2, 26647
Suppose 30*h - 32*h = -47420 + 17222. List the prime factors of h.
3, 7, 719
Suppose 104*i = 111*i + 70. What are the prime factors of (2/i)/(62/(-59210))?
191
Let s = 17689 + -16273. List the prime factors of s.
2, 3, 59
Let t(p) = -3*p**2 + 33*p + 4. Let w be t(11). Suppose 54*s - 50*s + w = 0, 4*s = -3*z + 1889. What are the prime factors of z?
631
Suppose -15196 = -27*w + 5783. Let y = -244 + w. What are the prime factors of y?
13, 41
Let k = -183 + 183. Let r(f) = -f**3 + f**2 - f + 335. What are the prime factors of r(k)?
5, 67
Suppose 0 = 5*o - 2*l + 150, 2*o - l - 5 = -64. List the prime factors of -8*(-2)/(-2)*o.
2
Suppose -3*v + 4*v - 1566 = 0. Let g = -1108 + v. List the prime factors of g.
2, 229
Let g(f) = 618*f**3 + f**2 + 8*f - 9. Let x be g(1). Suppose x = -3*c + 2370. List the prime factors of c.
2, 73
Let j(n) = -14*n**2 - 7*n + 29. Let r be j(5). Let a = 719 + r. What are the prime factors of a?
3, 11
Let k(t) = 4*t**3 + 6*t**2 + 29*t + 35. Let q(v) = 11*v**3 + 18*v**2 + 86*v + 106. Let i(n) = 8*k(n) - 3*q(n). What are the prime factors of i(-9)?
439
Suppose 115696 = 10*x + 27786. List the prime factors of x.
59, 149
Suppose 3*h + 17 = 32. Let j be 1 - h*(-2 + (-36)/(-15)). List the prime factors of 3382/18 + (j - 30/(-27)).
2, 47
Let b(k) = -k**3 - 2*k**2 + 2*k - 2. Let w be b(-4). Suppose 3*p - 2*t = 1513, 4*t = -4*p - w + 2026. Let u = -315 + p. What are the prime factors of u?
2, 47
Suppose -19*k + 94 = -1. Suppose -k*n + 25 = 0, 1343 = -2*y + 5*y - 2*n. List the prime factors of y.
11, 41
Let j(d) = -727*d + 1972. List the prime factors of j(-12).
2, 7, 191
Let a be (888/(-20))/(2/(-15)). Suppose -a = -y - 0*y. List the prime factors of y.
3, 37
Let z = -315 - -453. Suppose -6*h - 366 = z. Let b = 189 + h. What are the prime factors of b?
3, 5, 7
Let k(d) = 3*d**2 + 2*d - 19. Let c be k(15). Suppose 358 = n + 2*y, 2*n - y - y - c = 0. List the prime factors of n.
2, 3, 29
What are the prime factors of (-12)/10*((-4071500)/(-30))/(-17)?
2, 5, 479
Let g be -2 + (3 + 89)/(-4)*33. Let t = -207 - g. List the prime factors of t.
2, 277
Let m(z) = 29*z**2 + 7*z - 27*z**2 + 2 - 16. Let o be m(7). Suppose c = o - 35. What are the prime factors of c?
2, 7
Let j = 3856 - -240. What are the prime factors of j?
2
Suppose h = -3*y + 3846, -1282 = -y - 8*h + 10*h. Suppose -5*j - 4*x + 891 = -y, 2*x = -6. What are the prime factors of j?
19, 23
Suppose 2*r - 13*r + 19900 = -r. What are the prime factors of r?
2, 5, 199
Suppose -9*p + 395 = -568. Let o = p + -103. Suppose -3*n - 1089 = -o*j, -236 - 40 = -j + 2*n. What are the prime factors of j?
2, 3, 5
Suppose -2*w + 1530 = 4*z, -280 + 1814 = 2*w + 5*z. List the prime factors of w.
757
Let t = 251 - 254. What are the prime factors of 4 - (-2790)/(t - -9)?
7, 67
List the prime factors of 506 + (98 - 14)/6.
2, 5, 13
Let w(v) = 2*v + 6 - 20 - 20*v - 1. Suppose -2*q - 19 = -c, -q + c - 10 = -1. List the prime factors of w(q).
3, 5, 11
Suppose -4*g - z = -81 + 13, -3*g = -3*z - 51. Let o = g + 526. What are the prime factors of o?
3, 181
Let s(h) be the first derivative of 65*h**4/4 + h**3/3 + h**2/2 - 4*h + 54. List the prime factors of s(2).
2, 3, 29
Suppose -6*n - 2 + 20 = 0. Suppose 4*m + 160 + 112 = f, n*m - 756 = -3*f. What are the prime factors of f?
2
Let l be 2 - 12/3 - 3940/(-5). Suppose -366 = 2*f - l. What are the prime factors of f?
2, 3, 5, 7
Suppose 21*w + 2*w - 366766 = 780014. What are the prime factors of w?
2, 3, 5, 277
List the prime factors of -4 - (3 + -1)/(96/(-325056)).
2, 3, 47
Let z(k) be the first derivative of 125*k**2/2 - 4*k - 56. List the prime factors of z(6).
2, 373
Let t = 21400 + -15004. What are the prime factors of t?
2, 3, 13, 41
Suppose 5*v - 5*t + 4 = 29, 4*t = -5*v - 2. Let j(g) = 81*g**2 - 2*g + 6. What are the prime factors of j(v)?
2, 163
Let i(y) = 17*y - 20 + 41*y + 10*y - 3. What are the prime factors of i(5)?
317
Let f(y) = 11*y + 26. Let n(v) = -4*v - 9. Let r(x) = 6*f(x) + 17*n(x). Suppose 3*p - 4*o + 47 = 0, 2*p + 5*o - 4 = 3. What are the prime factors of r(p)?
3, 7
Let u(c) be the third derivative of 53*c**5/12 - c**4/8 + c**3/3 + 2*c**2 - 31. W